). Suppose 6*h + 0*h - a = 0. Is h a composite number?
False
Suppose -17 = -5*b - 3*s, b = -2*b - 2*s + 10. Suppose 0 = -b*y - y + 9705. Is y prime?
False
Let u = 16253 - 6402. Is u a composite number?
False
Let y = -14454 - -21315. Is y a prime number?
False
Let s be -2*(-3 - -7)*-1. Suppose -8 = -4*h + s. Let w(t) = 7*t**3 - 3*t**2 - 3. Is w(h) prime?
True
Let o(r) = -4*r**3 + 10*r**2 + 0*r**3 + 7 - 7*r + 4*r**3 - r**3. Let n be o(10). Is 2/14 + (-11646)/n composite?
True
Let h(r) = -187*r - 50. Let f(y) = -125*y - 33. Let d(l) = 7*f(l) - 5*h(l). Is d(7) prime?
True
Let g(d) = -9*d. Let r be g(-5). Let s be -398*(r/(-6))/3. Suppose -172 = -3*b + s. Is b a composite number?
False
Let q(u) = 1230*u - 2. Let h be q(1). Let j = -185 + h. Is j a prime number?
False
Let w(f) = 44*f - 21. Suppose -3*t + 40 = 4*y, 5*y + 0*t - 2*t - 50 = 0. Is w(y) prime?
True
Let t = 2613 + 7154. Is t a prime number?
True
Suppose -34*h + 4*d = -37*h + 2087, 0 = -5*h - 4*d + 3465. Is h a composite number?
True
Suppose j - 5*k = 2099, -3*j + k = -3945 - 2352. Is j a prime number?
True
Suppose -16*b + 405 = -987. Is b a composite number?
True
Let l(m) = m**2 + 11*m + 6. Let y be l(-11). Suppose n = -y + 17. Let k = n + 14. Is k a prime number?
False
Let q(u) = 260*u - 3. Is q(1) a prime number?
True
Suppose -2*p + 662 = -6036. Is p composite?
True
Suppose 3*w - 3*c = -0*c, -2*c = 5*w + 14. Let k(g) = -716*g + 5. Is k(w) a composite number?
True
Let m = -4168 - -6347. Is m a composite number?
False
Let i be (-178)/3*(-1 + 635/(-10)). Let t = i - 522. Is t prime?
False
Suppose 2*h = 4 + 6. Suppose 0*i + 257 = 3*i - f, -5 = -h*f. Let d = i - 33. Is d prime?
True
Suppose 2780 = -8*f + 18*f. Suppose v - f = -v. Is v prime?
True
Suppose 3*j - 41*p = -38*p + 3327, -6 = -3*p. Is j a prime number?
False
Let y = -2324 - -6015. Is y a prime number?
True
Suppose -883047 = -113*k + 80*k. Is k a composite number?
False
Let t = 12510 + -313. Is t composite?
False
Suppose 4*y - 60 = -2*d, 3*y = -4*d + 4*y + 93. Let p be (-68)/d - (-1)/(-6). Let j(a) = -3*a**3 + 4*a**2 + 2*a + 2. Is j(p) composite?
False
Is 1/12 + (-351048)/(-288) prime?
False
Let q(w) = w**2 - 10*w + 18. Let h be (-21)/21 - -3*3. Let f be q(h). Suppose -2 = -f*l - 0*l, 0 = 3*x - 4*l - 791. Is x composite?
True
Let r(u) = u**2 - 6*u + 4. Let t be r(6). Suppose -3246 = -z - 2*z - y, t*z + 2*y - 4330 = 0. Is z a composite number?
True
Let i(h) = 17*h**2 + 4*h. Let g(p) = -2*p + 4. Let o be g(-4). Let w = o + -15. Is i(w) a prime number?
False
Let u(j) = -j**2 + 11*j - 5. Let t be u(10). Suppose q = -4*x - 33, -5*x - 32 = -t*q + 3. Let f(g) = -3*g - 2. Is f(x) a prime number?
False
Suppose 0 = 2*h + 3*h + 305. Suppose 0 = 18*q + 1758 - 30. Let v = h - q. Is v a composite number?
True
Suppose 2*o = 45 - 29. Let f(v) = 3*v + 27. Is f(o) prime?
False
Suppose 21 = 5*y + 6. Is (-1)/(y - 2032/677) prime?
True
Let o = -170 - -89. Let b = o + 224. Is b composite?
True
Let l = 4879 + -3260. Is l a prime number?
True
Let i = -306 + 509. Is i a prime number?
False
Suppose 14 = 8*g - 7*g. Suppose -f + 6*f = 3*l - 2, f = 3*l + g. Is (-4)/l - 22630/(-30) prime?
False
Let x(t) = -17932*t - 157. Is x(-11) prime?
False
Let y(i) = 106*i**2 - 27*i - 14. Is y(9) composite?
False
Suppose 5*i - 272645 = 5*n, 6*i - n + 272633 = 11*i. Is i composite?
True
Is ((-585304)/368)/(-1 + (-13)/(-14)) prime?
False
Let x(o) = o**3 + 6*o**2 - o - 3. Let c be x(-6). Suppose 0 = -c*d + 4*b, -5*b - 1 = -4*d - 0*b. Suppose d*a - 142 + 2 = 0. Is a composite?
True
Let f = 52 - 50. Let w(p) = 340*p**2 - p - 1. Is w(f) prime?
False
Let s(i) = i**2 - 1. Let k(z) = 4*z**2 + 4*z - 32. Let r(t) = -k(t) + 5*s(t). Is r(10) prime?
False
Suppose -108*o - 17421 = -111*o. Is o a prime number?
True
Let i = -65 + 68. Suppose -o + 5*m + 30499 = i*o, 2*o = -3*m + 15233. Is o a composite number?
False
Let u(q) = -200*q - 1. Suppose -3*t - 35 = -5*r - 4*t, 0 = 3*r + 4*t - 4. Suppose 5*b + r = 3. Is u(b) prime?
True
Let a = -44 - -53. Is 17718/a - 4/(-12) prime?
False
Let s(j) = -2355*j**3 - 9*j**2 - 18*j - 5. Is s(-2) prime?
False
Suppose -8*w + 6575 = -3*w. Suppose -21*g + w = -22*g. Is g/(-4) - (-9)/36 a prime number?
False
Let u(l) be the second derivative of -l**5/20 - 11*l**4/12 - l**3/3 - 9*l**2/2 - 34*l. Let r be -2*1*22/4. Is u(r) prime?
True
Is (-774)/(-516)*((-67634)/(-3) + 0) prime?
False
Suppose -47295 = -2*v - n, -2*v + 4*n + 4685 = -42615. Suppose 3*p = -5*t + v, -3*t + 7765 = 4*p - 6426. Is t a prime number?
True
Let i(s) = -s**3 - 6*s**2 - 3*s - 15. Let q be i(-6). Suppose 0 = q*u + y - 5048, 3*u - 1071 = 5*y + 3965. Suppose 622 = -4*w + u. Is w prime?
False
Let n(i) = i**2 + 9*i - 3. Let y be n(-7). Let w = -32 - y. Is -606*(-3 + w/(-6)) composite?
True
Let v = 88 + -96. Is -2*(1356/v - -4) prime?
True
Let v(q) = -55*q + 2. Let i be v(-6). Suppose -i + 4660 = 8*y. Is y a composite number?
False
Suppose 5*a + 5*i = 995, 4*a + 2*i - i = 802. Let s = -124 + a. Is s composite?
True
Let x = -1 - -3. Suppose -x*d = -3*n + 1349, 2*n - 2*d = 3*d + 903. Is n a composite number?
False
Suppose 0*f - 876 = 2*f. Let x = -528 - -239. Let b = x - f. Is b a composite number?
False
Suppose 7*c + 6 = 10*c. Suppose -5*k = -c*g - 2001, -5*k + 0*g = 5*g - 2015. Is k a prime number?
True
Let u(w) = -w**2 + w + 1. Let s(h) = 291*h**3 - 6*h**2 + 6*h + 5. Let d(f) = s(f) - 5*u(f). Is d(1) prime?
False
Let q = 4 - 2. Suppose 5*t - q*t - 6 = 0. Suppose t*x + l - 611 = 0, 1234 = 4*x - 5*l + 3*l. Is x composite?
False
Suppose -4*a + 10 = 2. Suppose 2*b + 4*o - 990 = 0, -a*b + o + 930 = -40. Is b a composite number?
False
Is (790/(-30))/(6/(-1278)) composite?
True
Suppose 3*m = -5 + 14. Suppose 0 = m*a - 93 - 288. Is a a composite number?
False
Suppose -5*d = -5*h - 0*d + 5, -2*h + 20 = 4*d. Suppose -8*g + h*g = -2852. Is g prime?
False
Let a(h) = -h**3 - 14*h**2 - 11*h - 12. Let g be a(-9). Is (g/(-24))/((-2)/(-16)) composite?
True
Suppose v + 4*v = 0. Suppose -4*h + 3*h + 4 = v. Is 691 + -2*(h - 6) composite?
True
Let m(t) = 600*t**2 + 14*t - 15. Is m(7) prime?
True
Suppose 3*k - 826 - 1163 = -5*w, 5*k = 2*w - 808. Let n = -212 + w. Is n a composite number?
True
Let u(i) = -i**2 + 11*i + 1. Let q be u(10). Let r(f) = -6*f + 9. Let t be r(q). Let n = -19 - t. Is n a prime number?
False
Let p = -4 - -8. Suppose -3*l - 2*l = 3*g + 1, -4*g - 4 = p*l. Is g/(-6) - (-3340)/6 prime?
True
Let f be ((-40)/12)/((-6)/(-18)). Let o(x) = x**3 + 21*x**2 + 8*x - 11. Is o(f) a composite number?
False
Suppose 111 = 2*n - 37. Let c = n - -8. Suppose d + 5*j - c = 0, 5*d - j - 335 = -3. Is d composite?
False
Suppose 0 = 3*x - 0*x - 9. Suppose -13*c = -c - 24. Suppose 0 = x*q + c*q - 425. Is q prime?
False
Suppose -17494 + 1259 = -17*c. Is c a composite number?
True
Let h = -2536 - -360. Let w = h - -3063. Is w a composite number?
False
Let p(o) = -172*o - 32. Let s be p(-6). Suppose -3*q + 2761 = s. Is q a prime number?
True
Suppose 4 = -c + 5. Let a be 4 - (0 - c/1). Suppose 2*p = -3*f + 69, -a*f = 3*p - 5*p + 61. Is p a composite number?
True
Let p(d) be the second derivative of d**5/5 - d**4/3 - 3*d**3/2 + 2*d**2 - 3*d - 22. Let h = 9 - 2. Is p(h) composite?
False
Suppose -b - 21 - 39 = 0. Is 3/(-2)*10960/b prime?
False
Let y(n) = n**2 + 8*n - 8. Let d be y(-10). Suppose -o = 2*o - d. Is 28/(-6)*(-786)/o prime?
False
Suppose 0 = 2*b - 4*b + 8, -3*f - 4*b + 31 = 0. Let r(i) = -3*i + 3. Let w be r(-4). Suppose f*j - 341 = -4*a, a - j - 89 + w = 0. Is a composite?
False
Is (6/18)/(-3 - 22190/(-7395)) a composite number?
True
Let n be (-2)/(-1) - (-1 - 1). Suppose n*b - 1285 = -0*b + 3*u, 5*b + 2*u - 1589 = 0. Is b a composite number?
True
Suppose 6*c + 99742 = 9*c + z, -5*z + 33252 = c. Is c a composite number?
False
Let q(k) = -4*k**2 + 7*k**3 - 2*k**2 + 4*k**2 + 1 - 28*k**3. Let f be q(-1). Let d = f + 6. Is d prime?
False
Let b = -8 - -559. Is b composite?
True
Let r = 462372 - 313273. Is r composite?
False
Suppose 2*x - 21 = 3. Is 15*2*(-278)/x*-1 a composite number?
True
Is -3*(9 - (-5028)/(-9)) composite?
True
Suppose 5187 + 3081 = 13*f. Suppose -4*w + 0*w + f = 0. Is w a prime number?
False
Is 2*(-1)/(-12) + (-26986)/(-12) prime?
False
Let a = 5 - 3. Let i = 126 + -121. Suppose i = 5*t, -h + 5*t + 